 + -19. Let r(h) = h**3 - 4*h**2 - 3*h. Let j be r(5). Let k(q) = -q + 14. Let p be k(j). What is the highest common divisor of p and c?
4
Let f = 2900 + -2872. Calculate the highest common divisor of 133 and f.
7
Let w(j) = -j**2 + 28*j - 138. Let x be w(21). What is the highest common divisor of 24 and x?
3
Let l = 3 + 3. Let z(n) = -3*n**2 - 26*n + 7. Let x be z(-7). What is the greatest common factor of x and l?
6
Suppose -79 = 4*l - 91. What is the highest common divisor of 213 and l?
3
Let b(k) be the first derivative of k**2/2 + 10*k + 6. Let w be b(7). What is the highest common divisor of 119 and w?
17
Let s(k) = 4*k**2. Let v be s(-2). Suppose q = -1 - 8. Let c be v/(-6)*q/2. Calculate the highest common divisor of c and 4.
4
Let j be (-12)/(1 + 3) + -5. Let y = j - -23. Let m = -284 + 404. Calculate the greatest common divisor of y and m.
15
Let t = 145 + -85. Calculate the highest common divisor of 90 and t.
30
Let j be 10005/(-174)*(0 - 2). Let f = -10 - -33. What is the highest common factor of f and j?
23
Suppose -4*i = -10*i + 12. Suppose i*h + 26 - 66 = 0. What is the highest common factor of h and 160?
20
Let w(o) = -1011*o**2 - o**3 - 4 + 8 + 1019*o**2. Let g be w(8). Suppose h = -4*z + 44, 0*h = -2*h - 3*z + 78. Calculate the highest common factor of h and g.
4
Suppose f = 3 + 5. Let h = -238 + 294. Calculate the greatest common divisor of f and h.
8
Let h = 380 - 334. Calculate the highest common divisor of 253 and h.
23
Suppose 2*d - 3*b = 123, -d + 5*b + 50 + 15 = 0. Calculate the highest common factor of 100 and d.
20
Let x be (-10)/(-3)*(-264)/(-55). Let b = -7 + x. Suppose -4*z - 72 + 360 = 0. What is the greatest common factor of b and z?
9
Let p = 689 - 665. What is the greatest common divisor of p and 88?
8
Let y(w) be the first derivative of w**2 - 5*w - 7. Let o be y(5). What is the greatest common divisor of o and 20?
5
Suppose -71 = -2*t - 55. Let b = -4 - -16. Calculate the highest common divisor of t and b.
4
Suppose -41*v + 46*v = 10. Suppose -19 = -4*l - 7. Let i be -6*l*(0 + -1). Calculate the highest common divisor of v and i.
2
Let x be (-2)/10 + ((-8)/10 - -1). Suppose 57*w - 53*w - 84 = x. Calculate the greatest common divisor of 21 and w.
21
Let y be (-2125)/(-11) - -5 - (-6)/(-33). Calculate the greatest common divisor of y and 121.
11
Suppose -1178 = 26*w - 7*w. Let c = 2 - w. Calculate the highest common divisor of 32 and c.
32
Let x = 1102 + -366. What is the highest common factor of 16 and x?
16
Suppose 0 = -3*t, -4*i + 2*i = -t - 28. Suppose 0 = -w - 0*w - i. Let l = 25 + w. What is the greatest common divisor of 55 and l?
11
Suppose 2*k + c = 66, 0 = -3*c + 4*c + 2. What is the highest common divisor of k and 918?
34
Suppose 18*u - 160 = 326. What is the greatest common factor of 45 and u?
9
Suppose -3*j + 5*g - 505 = 2*j, -5*j + g = 513. Let d = -41 - j. Let i = d + -35. What is the greatest common factor of 9 and i?
9
Let n(t) = 49 - 26 - 8 + 15*t. Let r be n(7). Let j be ((-5)/(-2))/((-1)/(-6)). What is the highest common divisor of r and j?
15
Let a be 5/(5/(-4))*(-135)/(-18). Let t be ((-12)/10)/(a/200). What is the highest common factor of t and 16?
8
Suppose -1086 = -4*d + g + 1754, 0 = 2*g - 8. Calculate the greatest common divisor of 9 and d.
9
Let c(f) = -f**2 - 4*f. Let k be c(-3). Suppose 2*y + 204 = 4*i + 3*y, -k*i + 160 = -y. What is the highest common factor of 26 and i?
26
Suppose 0 = 5*g, 2*p - 48 = g - 5*g. Suppose 0 = 4*k + 5*v + 3, 2*k - 4*v - 15 = -v. Suppose -z = -k*z + 72. Calculate the greatest common divisor of z and p.
12
Suppose -5*l = -n - 879, 55*l - 56*l + 163 = 3*n. Calculate the highest common factor of l and 21.
7
Let l = -11 + 9. Let j be -65*3*l/10. Let a = j + -23. Calculate the greatest common divisor of 48 and a.
16
Suppose 267 = 39*y - 2853. Calculate the highest common divisor of 45 and y.
5
Let k(p) = -p**3 - 14*p**2 - 4*p + 16. Let f be k(-14). Calculate the greatest common factor of f and 18.
18
Suppose 5*i = 3*u - 387, 3*u + 129 = 4*u - 5*i. Let w be ((-8)/(-2))/(18/387). What is the highest common divisor of w and u?
43
Suppose 5*f + 0*m = -3*m + 1172, 0 = -4*f + 2*m + 920. Let y be -3 + 16*-4*(-4)/8. What is the greatest common divisor of f and y?
29
Let t(w) = -2*w - 5. Let d be t(-5). Let k = d + -16. Let z = 0 - k. Calculate the greatest common factor of z and 99.
11
Let v = 537 - 518. What is the highest common factor of v and 1539?
19
Let k(x) = -x**3 - 10*x**2 - x + 32. Let s be k(-10). Calculate the highest common factor of 336 and s.
42
Let x be (-11)/33 + (-73)/(-3). Suppose 0 = -49*u + 51*u - 384. What is the highest common divisor of x and u?
24
Let l be 19/(-76) - (2 + (-13)/4). Calculate the highest common divisor of 49 and l.
1
Suppose -4*v + 2*v + 180 = 0. Suppose d + 4*d - v = 0. Let p be 9/d - 38/(-4). Calculate the highest common factor of p and 110.
10
Let i(f) = 2*f**2 - 2*f - 4. Let j be i(4). Let u = 114 + -114. Suppose 0 = 4*t - u*q + 5*q - 15, t + q = 4. Calculate the highest common factor of t and j.
5
Let j(z) = -z**2 + 11*z - 10. Let q be j(7). Calculate the greatest common factor of 162 and q.
18
Let g(k) = -2*k**3 - 7*k**2 - 6*k - 17. Let i be g(-5). Suppose 0 = -3*d + d + i. Calculate the highest common divisor of d and 484.
44
Let j(i) = i**2 - 10*i + 64. Let m be j(5). Calculate the highest common factor of 377 and m.
13
Let c(j) = 3*j**3 + 11*j**2 - 15*j + 2. Let u(v) = -v**3 - v - 1. Let l(o) = c(o) + 2*u(o). Let i be l(-10). What is the greatest common divisor of i and 54?
54
Let o be (118/42 + (-2)/14)*72. Let x = 4 - -20. What is the highest common divisor of x and o?
24
Suppose 0 = -7*h - 33*h + 2240. What is the greatest common divisor of 224 and h?
56
Suppose -5*s + 5*p = -10, -p + 5*p + 7 = 5*s. Let q be (s/(-2))/(5/380). What is the greatest common divisor of q and 19?
19
Let t = 392 + -152. Suppose 0 = -308*z - 41*z + 33504. Calculate the greatest common divisor of t and z.
48
Let b = -1538 + 1540. What is the greatest common divisor of 18 and b?
2
Let h be (90/(-20) - 14)/((-1)/42). What is the greatest common divisor of 21 and h?
21
Let a be (-4 - -1 - -4) + 2. Suppose -a*v = -v - 6. Let i(x) = 2*x**2 - x - 7. Let n be i(v). Calculate the highest common factor of 72 and n.
8
Let d(z) = 30*z**2 - 6*z + 36. Let i be d(5). Calculate the greatest common divisor of i and 84.
84
Suppose 0 = -v + 18*v - 1105. Calculate the highest common factor of 10 and v.
5
Suppose -3*i + 1040 = 251. Suppose 0 = -p - 3*q - 30 + 136, i = 3*p - 2*q. What is the highest common factor of p and 13?
13
Let u = 11 - 5. Suppose f = 3*t + t - 12, 0 = 5*f - 2*t - 12. Suppose -5 = 5*r, b - 6*r + f*r = 8. Calculate the highest common factor of b and u.
6
Suppose 4*o - 4*k = 952, 0*o + o + 3*k = 230. Suppose x + 3*x = 3*b - 128, 5*b - x - o = 0. Calculate the greatest common divisor of 24 and b.
24
Suppose -748*o + 749*o = 10. Calculate the highest common factor of 1090 and o.
10
Let x be 25 + -28 - 0/1. Let v(j) = 4*j**2 + j - 3. Let k be v(x). Calculate the highest common factor of k and 30.
30
Suppose -19*d + 3300 = 3*d. Calculate the highest common factor of 255 and d.
15
Let p(b) = -b**2 + 2*b - 4. Let l be p(-3). Suppose 12*s = 3*s - 126. Let a = s - l. Calculate the greatest common divisor of 35 and a.
5
Suppose 0 = -2*b - 3*u - 4 - 2, -5*b + u - 15 = 0. Let a be (-3 - -3) + (-4)/2. Let k be (-1)/((-3)/b + a). What is the highest common divisor of k and 8?
1
Let z(i) = 28*i - 349. Let d be z(13). Let l be (4 + -3)/((-1)/(-6)). Calculate the highest common factor of d and l.
3
Suppose 100 = 20*c - 15*c. Calculate the highest common factor of c and 520.
20
Let z be 18 - (2 + -4*1). Let s = 29 - z. Suppose 0 = 6*y - 9*y + 162. Calculate the greatest common factor of y and s.
9
Suppose -3*l - 2*a - a = -84, 0 = l + 3*a - 24. Calculate the highest common divisor of l and 160.
10
Let n(f) = -14*f - 1. Suppose 4*v - 2 - 14 = 0. Let l be n(v). Let z = l - -84. What is the greatest common divisor of z and 9?
9
Let c(u) = -u**2 - 12*u - 15. Let t be c(-8). Suppose 2*r + 4*k = 20, 4*r - 7 = k + 2*k. Let o = 38 - r. Calculate the highest common factor of t and o.
17
Suppose -4*a + 15*o + 71 = 16*o, -4*a + 61 = 3*o. What is the highest comm